 be j + -2 + -5 - -1. Determine y(f).
1
Let z(u) = -u**3 + 3*u**2 + 3*u - 1. Suppose 2*w = -l - l + 6, -4*w = l. What is z(l)?
-5
Let y(w) be the third derivative of -w**6/60 + w**3/6 - 2*w**2 - 10*w. Calculate y(-1).
3
Let s(q) = -q**3 + q**2 + q + 3. Let n(d) = -5*d - 5*d**2 - 3*d + d**3 + d + 5. Let j be n(6). Let g be j/(-2) + (-2)/4. What is s(g)?
3
Let u(z) be the second derivative of -z**3/6 + 11*z**2/2 + 15*z. What is u(5)?
6
Let q be (3 + 0 - 0) + -9. Let s(i) = 20*i**3 - 32*i**2 + 26*i + 9. Let m(d) = 7*d**3 - 11*d**2 + 9*d + 3. Let h(p) = q*s(p) + 17*m(p). Give h(4).
1
Let c(n) = -2*n**2 - 1 - 4 + 2*n + 6. Suppose 0*i + 4*t + 20 = 3*i, -i - t - 5 = 0. Suppose -b = 1 - i. What is c(b)?
-3
Let k(d) = 1 + 2*d - d**3 + 2 - 3*d + 4*d**2. Suppose 3*h - 12 + 0 = 0. Determine k(h).
-1
Let g(c) = -c - 22. Let u(s) = 2. Let l(v) = 2*g(v) + 22*u(v). Determine l(1).
-2
Let z = 51 + -305/6. Let a(w) be the third derivative of z*w**4 + 1/6*w**3 + 2*w**2 + 1/60*w**5 + 0 + 0*w. What is a(-5)?
6
Let m(n) = n**3 + n**2 + 3. Let u be (2 - (-11)/(-4))*-4. Suppose -2*a = u*a. What is m(a)?
3
Let m(h) = -3*h - 1. Let s be (-8)/(-14)*(-133)/(-38). Give m(s).
-7
Let q(t) = -20*t**3 - 8*t + 17. Let p(h) = 11*h**3 + 4*h - 9. Let i(k) = -11*p(k) - 6*q(k). Let y(g) = -g**2 + 4*g + 2. Let c be y(4). Calculate i(c).
-3
Let b(h) = -h**3 - 5*h**2 + 7*h. Let i = 88 - 94. Give b(i).
-6
Let s(z) = z**2 + 4*z + 5. Let j(x) = x**3 + 16*x**2 - 3*x + 4. Let g be j(-16). Let p be g/(-14) - 4/14. Give s(p).
5
Suppose 0 = -0*n - 2*n - 8. Let h(r) = -r**3 - 4*r**2 + 2*r. Determine h(n).
-8
Let x(f) = f**2 - 4*f - 3. Suppose 2*l = 6*l + 2*n - 18, 3*l - 2*n - 17 = 0. What is x(l)?
2
Let c(v) = v - 2. Suppose -7 = -3*u + t, -4*u + 8 = -t - t. Suppose 0*b = -u*b + 15. Calculate c(b).
3
Let j(g) = 10*g**2 + 13 + 0*g**2 - 3*g**2 - 6*g**2 - 11*g. Calculate j(11).
13
Let h(p) = p**3 + 6*p**2 + 4*p - 1. Suppose 5*t - l - 13 = 0, 5*t = -2*l + 11 + 8. Suppose 0 = -t*g - 11 - 4. Give h(g).
4
Let y(d) = 0*d - 4 + d - 2*d. Let b(z) = -5*z**3 + 2*z - 1. Let w be (-3)/18*-3*2. Let c be b(w). Determine y(c).
0
Let z(i) = -i**2 + 2*i - i - i - 3 - 7*i. Suppose 0 = 4*m + 5 + 11. Calculate z(m).
9
Let a(w) = w**3 + 5*w**2 + 4*w - 1. Let y be 0 + -2 + 4 + -2. Suppose -8 = 2*j - y. Let k be a(j). Let n(i) = 4*i**2. What is n(k)?
4
Let m = -3 + 7. Let o(b) be the second derivative of -b**3/6 - b**2/2 + 3*b. Calculate o(m).
-5
Let x(o) be the first derivative of -o**5/15 + o**4/24 + 2*o**3/3 + 1. Let m(t) be the third derivative of x(t). Calculate m(1).
-7
Suppose -3*y + 2*y = 13. Let t(n) = -n**2 - 13*n + 5. Let k be t(y). Suppose 4*a = -4*f, -f - k*a - 11 = 5. Let g(i) = 2*i - 1. Determine g(f).
7
Let x(q) = -3 + 2 + 0*q + q - 5. Suppose 0 = -7*l + 3*l. What is x(l)?
-6
Let m(s) = -s + 1. Let b(q) = q + 3. Suppose 4*k = -3*p - 35, -4*p - 8*k - 40 = -4*k. Let n be b(p). Let d = n + 3. Determine m(d).
0
Let x(s) be the third derivative of -s**8/6720 + s**6/720 + 7*s**4/24 - 7*s**2. Let o(r) be the second derivative of x(r). Give o(-2).
6
Let w(c) = 1 + 7*c**3 - 3*c + 5*c**3 + c**2 + 4*c. Let y be (-4 + 2)*2/(-4). Suppose -5*o + 6*o = -y. What is w(o)?
-11
Suppose 4 - 24 = z. Let m be (-95)/z + 1/4. Suppose 5*c - 5*n + 3*n = 3, 3*n = m*c - 2. Let r(w) = -4*w**3 - w**2 + w - 1. Determine r(c).
-5
Let d(l) = -10*l - 1. Let n = 73 - 72. Calculate d(n).
-11
Suppose 0*p = -4*p + 12. Suppose -z - 4*z + 10 = 0. Let d(b) = -1 + 0 - b**z - b**p - 2*b**2 - b**2 - 3*b. Give d(-2).
-3
Suppose 2 = 2*y + 12. Let o = -3 + 2. Let c(q) = q**2 - q + 1. Let b(l) = -l**3 - l**2 + 2*l - 3. Let d(h) = o*b(h) + 3*c(h). Calculate d(y).
6
Let i = 9 - 7. Let w(r) = -11*r + i + 1 - 2. What is w(-1)?
12
Let l(y) = y**2 + 5*y + 4. Let a be 39/(-9) + (-1)/(-3). Calculate l(a).
0
Let g(d) be the first derivative of d**5/60 - d**4/12 - d**2 - 2. Let i(r) be the second derivative of g(r). Calculate i(2).
0
Let l(b) = b - 4. Let s be l(4). Let p(v) = -3 - v**2 - v + 1 - 1. What is p(s)?
-3
Let r(t) = -4*t**2 + 8*t. Let a(x) = -x + 1. Let d be a(4). Let k(n) = 5*n**2 - 8*n - 1. Let q(h) = d*k(h) - 4*r(h). What is q(7)?
-4
Suppose 0 = 20*c - 18*c + 4. Let z(s) = -s**2 - 4*s - 3. Give z(c).
1
Let d(s) = s**3 - 6*s**2 - 2*s + 4. Let p(k) = -k**3 - 1. Let u(y) = -d(y) - 2*p(y). Give u(-6).
-14
Let t(s) = s**3 + 8*s**2 + 2*s + 16. Let b be t(-8). Let i(j) be the third derivative of -1/6*j**3 + b - 1/12*j**4 + j**2 + 0*j. Calculate i(-2).
3
Let s(i) = -i**2 - 8*i - 1. Suppose c - 1 = 0, 5*h + 41 - 11 = -5*c. What is s(h)?
6
Suppose 0 = 2*d - 4*d. Let l(i) = -3*i**3 + 7*i**2 + 5*i + 21. Let y(q) = 6 - 16 + 3*q**3 - 3*q**2 - 2*q - 2*q**3. Let u(r) = 2*l(r) + 5*y(r). Calculate u(d).
-8
Let l(f) = -3*f**2 + 10*f + 10. Let q(d) = d**2 - 3*d - 3. Let u(h) = 4*l(h) + 11*q(h). What is u(7)?
7
Let i(o) = -o - 1. Let y(p) be the second derivative of -3*p + p**2 - 1/3*p**3 + 0. Let g be y(-2). Determine i(g).
-7
Let v(b) be the third derivative of b**5/60 + 3*b**4/8 - b**3/2 - 4*b**2. Let d be v(-9). Let h(g) = -g**2 + g + 1. What is h(d)?
-11
Suppose u = -0*u + 5. Suppose 0 = -u*i + o + 25, -5*i + 9 + 6 = o. Let z(m) = -m**3 + 5*m**2 - 7*m + 5. Determine z(i).
-7
Let v(k) be the first derivative of -2*k**3 + k - 5/2*k**2 - 1/4*k**4 - 1. Calculate v(-5).
1
Let n(g) be the first derivative of g**3/2 + g**2 + 3*g + 2. Let f(u) be the first derivative of n(u). What is f(-2)?
-4
Let g(c) be the third derivative of -c**6/120 - c**5/20 - c**4/12 - c**3/6 + 5*c**2. Give g(-3).
5
Let t(s) = 40*s + 48. Let d(k) = -7*k - 8. Let g(u) = -34*d(u) - 6*t(u). Give g(-11).
6
Let n(s) = 2*s - 1. Suppose 5*d + k - 23 = 0, 3*k = 5*d - 13 + 2. Give n(d).
7
Suppose 3*f + 14 = 4*x, -2 = -4*f - 2*x - 3*x. Let l(s) = -s + s + 2*s. Give l(f).
-4
Let i be (-4)/(-6) + 22/(-6). Let h(x) = -5*x**3 + 2*x**2 + x - 2. Let j(t) = -t**3 + t. Let p(l) = h(l) - 6*j(l). Calculate p(i).
4
Let h(t) = t + 6. Let u be h(-9). Let o(f) = f**2 + 2*f - 1. Let v(g) = 2*g**2 + 3*g - 1. Let p(k) = -5*o(k) + 2*v(k). Give p(u).
6
Suppose -4*d + 2 = -2*l, -3*l + 2*d - 3 = -0*d. Let a(k) = -4*k**2. Give a(l).
-4
Let z(u) = 3*u + u + 4 - u**2 + 2*u**2. Suppose -o = g - 28, 5*g = -4*o + 2*g + 114. Suppose 0*c - o = 6*c. Determine z(c).
9
Let q = -14 + 46. Let o(r) = 5*r**2 + 1 - q*r + 32*r. Calculate o(-1).
6
Suppose 5*k = -4*p - 12, 2*k + 3*p = -2*k - 9. Let u(h) = h - 1. Determine u(k).
-1
Let v(g) = 3*g - 3. Let w be v(2). Let f(p) = p**2 + 7*p**2 - 13 - 6*p**2. Let h(d) = d**2 - 7. Let k(n) = 3*f(n) - 5*h(n). Give k(w).
5
Suppose 27*u - 23*u = 0. Let b(p) = -p**3 - p**2 + p - 16. Determine b(u).
-16
Let t(i) = -2*i**2 + 2*i + 2. Suppose -1 - 7 = 2*r. Let g(u) = u**3 + 5*u**2 + 3*u - 2. Let n be g(r). Give t(n).
-2
Suppose 31 = 4*m - 5*i - 0*i, -6 = 2*i. Let v be 3 + (-4)/m - -2. Let a(o) = o - 2. Determine a(v).
2
Let s be 9*(0 - 4/(-12)). Let z(y) = -3*y + 2. Determine z(s).
-7
Let x(h) = h**3 - h**2 + 6. Let o(i) = -i**2 - 6*i. Let q(g) = -g**2 + 4*g. Let s be q(-3). Let n = s - -15. Let m be o(n). Give x(m).
6
Let k be -2*(-2)/((-8)/(-6)). Let t(x) = x + 2. Calculate t(k).
5
Let w be 1*(-1)/(-2 + 3). Let o be (-6)/3 - -6 - w. Let n(p) = 6*p**2 + 0*p - 4*p + 3*p**3 - 4*p**3. What is n(o)?
5
Let i(w) be the third derivative of -w**7/840 + w**6/180 + w**5/120 + w**4/8 - 2*w**3/3 + 4*w**2. Let h(r) be the first derivative of i(r). Determine h(3).
-3
Let s(c) = -c**3 + 2*c**2 - c. Suppose 3*z = 2*z + 5. Suppose z = 4*u + 1. Calculate s(u).
0
Let l(h) = -h**3 - h**2 + 1. Let z(r) = -r**3 - 6*r**2 + r + 3. Let c(n) = 2*l(n) - z(n). Suppose -8*v = -4*v - 12. Determine c(v).
5
Let b(z) = -z**2 + z. Let g be (-3 - -4) + 1 + 0. Suppose 0 = -x + g. What is b(x)?
-2
Let c(m) = -m**2 - m - 1. Let s(f) = -f**3 - 6*f**2 - 5*f + 3. Let y be s(-5). Let p = 1 - y. Determine c(p).
-3
Suppose 0 = -6*h + 3*h + 12. Let i(r) = -r**3 + 5*r**2 - 5*r - 3. Calculate i(h).
-7
Let p(x) = -x**2 + 8*x - 6. Let y(c) = -c**2 + 8*c - 6. Let j(b) = 5*p(b) - 4*y(b). What is j(6)?
6
Let l = 16 + -13. Let k(w) = -w**3 + 5*w**2 - 3*w. What is k(l)?
9
Let u(r) = 2 + 87*r**2 + 82*r**2 - r - 168*r**2. Give u(0).
2
Let f(d) = -d**2 + 2*d + 1. Let l be f(2). Let c(u) = u**2 - 2*u + 1. Determine c(l).
0
Let a(f) = f**2 - 7*f. Suppose -36